 = -18034 - -25325. Is b a prime number?
False
Let h(s) = -2027*s**3 - s + 1. Let q be h(1). Let v = 2998 + q. Is v composite?
False
Suppose 0 = 2*u + 8 - 4. Is 3320/11 + u/(-11) a composite number?
True
Suppose 0 = 5*f - 2*n - 6 - 10, 4*n = 5*f - 12. Suppose -2*s - 3*l = -7*s + 433, -4*l + 372 = f*s. Is s a prime number?
True
Is (-337064)/(-78) + (-3)/9 a prime number?
False
Let t = 11 - 89. Is t/(-4)*(-4)/(-6) composite?
False
Suppose -2250 - 1206 = -4*p. Suppose -2*f = -5*f + 3*u + p, -5*f = -4*u - 1445. Is f composite?
False
Suppose 69*x - 537142 = 23*x. Is x a composite number?
False
Let k = -273 - -3922. Is k a prime number?
False
Let p(g) = -g**2 + 2*g - 1. Let q be p(1). Suppose -4*i + q*i + 6644 = 0. Suppose -2*t + 853 = 5*v - 2*v, 4*t - 3*v = i. Is t prime?
True
Suppose 0 = -x + 5*r - 2523 + 419, -5*r = -3*x - 6282. Let f = 5498 + x. Is f a composite number?
True
Let d(b) = b**3 + 7*b**2 + 7*b + 8. Let i be d(-6). Suppose i = 4*c - 46. Is c/8*2442/9 a composite number?
True
Suppose l - 55*l = -1966302. Is l a prime number?
False
Suppose -3*y + 7 = m - 5, 0 = -2*m + y + 3. Is ((-2)/4)/(m/(-318)) prime?
True
Suppose 15906 - 83916 = -15*a. Is a prime?
False
Let u be (-2)/(-18) + (-16)/(-18). Let o(m) = u + 4*m + 11*m**2 - 1 + m**3 - 6 - 4*m**2. Is o(-6) prime?
False
Let d = -5379 - -13320. Is d prime?
False
Let u = 8014 - 4179. Is -4 - u/(-6) - (-1)/(-6) a composite number?
True
Let d be 35/(-20) - 2/8. Let s be (-2 - d)*4/(-12). Suppose 4*n - m - 94 + 18 = s, 0 = 3*n + m - 57. Is n prime?
True
Let a = -345 + -261. Let n = a + 1132. Is n a composite number?
True
Suppose 22765 = v + 2*k, 5*v + 5*k = 9*k + 113769. Is v prime?
False
Let p(m) = m**3 + 9*m**2 + 10*m + 17. Let b be p(-8). Is (-3 + b)*1/(10/(-2395)) a composite number?
False
Let r be (-1 - (4 + -6))*221. Is (r + 2)*(-6)/(-6) composite?
False
Let j be (-737)/(3*(-4)/36). Suppose 0 = 2*o + o - j. Is o composite?
True
Suppose -2*p - 3*j = -1247, 0 = -2*p + 6*j - 11*j + 1249. Is p prime?
False
Let x(m) = m. Let k(d) = d + 1. Let r(h) = 6*k(h) - 5*x(h). Let b be r(-4). Suppose -b*w = -p + 4*p - 102, -3*w = 5*p - 170. Is p a composite number?
True
Suppose p = 131*n - 135*n + 11907, -4*n - 2*p + 11902 = 0. Is n a composite number?
True
Suppose -2*k + 45 = 31. Let t(q) = 45*q**2 - 3*q - 2. Is t(k) composite?
True
Let v(m) = 281*m**2 + 2*m - 1. Is v(-4) composite?
True
Suppose -5*k + 1 = 2*b - 4, -2*b - 1 = -k. Is (4/(-4))/((-682)/(-683) - k) composite?
False
Suppose 5*b - 2712 = 11*b. Let y = 831 + b. Is y a prime number?
True
Let q = -32914 + 53993. Is q a composite number?
True
Let r(h) = -h**3 - 9*h**2 + 11*h + 14. Let g be r(-10). Let i be 0 + (-30)/(1 - g). Suppose i*a - 7*a - 147 = 0. Is a a prime number?
False
Suppose 5*c = -4*g + 242, 5*g - 113 - 181 = -2*c. Is g a prime number?
False
Let w be (-3)/(-5) + (-24)/(-10). Suppose w*x - 9 + 3 = 0. Is (265/x - 3)*2 composite?
True
Let j = 7 - 2. Suppose j*q = 1251 + 409. Suppose t - q = -t. Is t composite?
True
Let c(r) be the second derivative of r - 13/2*r**2 + 1/4*r**4 - 1/6*r**3 + 0. Is c(10) composite?
False
Suppose 0 = -3*c - 2*c - 1155. Let u(a) = -165*a - 13. Let s be u(-3). Let t = c + s. Is t a prime number?
True
Let t(g) = -2299*g + 31. Is t(-2) a composite number?
True
Let r = 86 - 74. Suppose 11*k - r*k = -1541. Is k a prime number?
False
Suppose 8*n - 10*n = -4. Is 235/1 + (2 - n) composite?
True
Let b(t) = -t**2 + 4*t + 16. Let u be b(7). Let w(p) = -230*p + 21. Is w(u) composite?
False
Is 3819 - (9 + 5)/(-7) prime?
True
Let k = -32 - -35. Suppose 0 = -0*z - z + 2, 3*z - 66 = k*o. Is ((-5)/(o/(-628)))/(-1) prime?
True
Suppose -2*o + 3*k = 2, -o + k + 2 = -2*k. Let x be (o + 7 + -3)/1. Suppose a = -x*a + 215. Is a composite?
True
Let j = -153 + 276. Let d = -55 + j. Let o = -13 + d. Is o composite?
True
Let y = -69 - -123. Let h = y + 16. Suppose x + h = 3*x. Is x prime?
False
Suppose -11 - 13 = 4*b. Let g = 7 + b. Is g/(-1 + 1232/1228) prime?
True
Let r(u) = 4*u**2 - 2. Let b be r(19). Suppose -b = -x + 882. Suppose 3*v - x = -v. Is v composite?
True
Is 7 + -2 - (-16202 - -8) a composite number?
True
Suppose 4*k = 2*f - 16, 6 = 3*f - 6. Is 1/k + (-5811)/(-26) a composite number?
False
Let y be 49/14 - (-3)/(-6). Suppose -20 = -y*o - 2*o. Suppose -3*m + 797 = 2*z, -o*m - 4*z = -2*m - 534. Is m composite?
True
Suppose -58232 = -2*g + 2*v + 9958, 0 = g + v - 34091. Is g prime?
False
Suppose 5*y - 8281 = -2*k, -y - k + 2*k + 1659 = 0. Is y a prime number?
True
Suppose 3*l = 4*f - 2576, -2*l + 3*l = 3*f - 1927. Suppose -74 = -5*s + f. Is s composite?
True
Suppose -8 = -j - 4*g, -g + 2 = 3*j - 0*j. Suppose j = -3*d + 6*d - 57. Is d composite?
False
Let t(j) = 27*j**3 - 2*j**2 + 5*j - 7. Let r be t(2). Is (r/4)/(5/20) composite?
False
Let k(i) = -530*i + 4. Let x(n) = -531*n + 5. Let y(v) = 4*k(v) - 3*x(v). Is y(-2) composite?
True
Suppose -4*p + 15 + 9 = 0. Let j(h) = -h + 7. Let x be j(p). Is (-6)/(-9)*141 + x a prime number?
False
Let p(s) = 3*s + 2. Let b be p(0). Is 3 + b - (-445 - -1) prime?
True
Suppose 5*t = 5*r + 56230, -2*r = -3*t - 5*r + 33756. Is t a composite number?
True
Let y = 7778 - 1425. Is y composite?
False
Let w(m) = m**3 + 6*m**2 + 9*m - 3. Let r be w(-4). Let g(y) = 36*y**2 + 7*y + 42. Is g(r) a prime number?
False
Is (36/(-24) - (-19669)/(-2))/(-2) prime?
False
Let g(x) = 157*x - 17. Let l(o) = 471*o - 50. Let f(n) = 11*g(n) - 4*l(n). Is f(-4) a prime number?
True
Let i be (-3)/24 - (-3687)/(-8). Is (-2)/8 + i/(-4) prime?
False
Suppose -5*b - 48 + 3 = 0. Let h(f) = 10*f**2 + 14*f + 19. Is h(b) a prime number?
False
Suppose -2*n - 4*s + 2310 = 0, -4*n + 4644 = -3*s - 20. Is n a composite number?
False
Let y be 2/10 + 114/30. Suppose 0 = y*t + 2*l + 1974, 5*l - 55 = -2*t - 1030. Is t/(-1) + (3 - 5) a composite number?
True
Let x = 826 + -454. Suppose -11*d + x = -7*d. Is d a composite number?
True
Let m(l) be the second derivative of 7*l**4/12 - l**3/2 + 7*l**2/2 - 2*l. Is m(-11) a composite number?
False
Suppose 10*i - 4*i = -12. Is (-1)/(16925/8465 + i) composite?
False
Suppose -8*g + 7*g = 0. Suppose 5*p - 1729 - 2161 = g. Is p composite?
True
Let y = 5591 + 24062. Is y a composite number?
True
Suppose -2664 - 12666 = 5*f + 4*m, 2*m = 0. Is 2/5 + f/(-10) a prime number?
True
Let c(r) = r**2 + 0 + 0 + 0*r**2 + 5*r - 3. Let w be c(-5). Is -1*(1 - (-150)/w) composite?
True
Let a(o) = 4*o + 24. Let w(d) = 3*d + 16. Let s(m) = 5*a(m) - 7*w(m). Let n be s(7). Is n/((-891)/447 + 2) prime?
True
Suppose t = 2*n + 2, -3*t - 23 = -8*t - 3*n. Suppose -t*p = -0*p - 5*v - 17555, v = -3. Is p a composite number?
True
Let y be (-2)/(-4) - 22620/8. Let x = -896 - y. Is x prime?
True
Let g(u) = -7*u**2 + 12*u + 20. Let a be g(12). Is ((a/8)/((-2)/(-4)))/(-1) a composite number?
False
Let f(x) = 5*x**2 - 23*x + 22. Is f(15) prime?
False
Suppose 2*c = -u - 2 - 10, -3*c = 2*u + 22. Let t = -6 - u. Is (5/(-2))/(t/(-508)) prime?
False
Suppose -5*v - 4*a = 5541, -3*v + 2*v + 4*a - 1089 = 0. Let u = 1982 + v. Is u a composite number?
False
Let d(f) = -f**3 + f + 40 + f + 19. Is d(0) a composite number?
False
Let t = 10424 - -3561. Is t prime?
False
Let v = -5986 - 33. Let d = -2469 - v. Suppose -4*c + c + 2813 = 4*b, -3*c - d = -5*b. Is b a composite number?
True
Let t(z) = 3*z**3 + z**2. Let b be t(1). Suppose 19 = b*g - 9. Suppose -5*o + y = g - 41, 4*o = -2*y + 30. Is o composite?
False
Suppose 0 = -2*x - f - f + 48818, -3*f - 24401 = -x. Is x prime?
True
Let a(d) = 44*d + 1. Is a(9) prime?
True
Let h be ((-8340)/(-36))/(1/(-6)). Let a be (h/6)/(-5)*3. Suppose 2 + a = s. Is s a prime number?
False
Let c = -19 - 13. Let z be 2/((c/(-12))/4). Suppose -2*q = 6, -z*y + 711 = 5*q - 711. Is y composite?
False
Is 228510/(9 - 0) - -1 a prime number?
True
Let r = -23 + 25. Let a(t) = t**2 + 0*t**r + 0 - 7*t**3 + t**2 + 3*t + 3. Is a(-3) a prime number?
False
Let j be ((-880)/3)/((-5)/30). Let w = -1182 + j. Suppose -5*u = -1097 - w. Is u composite?
True
Suppose -14516 = -15*n + 14449. Is n a prime number?
True
Suppose -5170 = l + 5*a - 15056, 4*l = -2*a + 39490. Is l composite?
False
Suppose -5*w + t = -7532, -6*w + 7529 = -w - 2*t. Is w prime?
False
Suppose -98937 = 26*s - 35*s. Is s a composite number?
False
Suppose 2*w + 1